when 8346 is divided by 16?
10
Calculate the remainder when 541 is divided by 81.
55
What is the remainder when 26543 is divided by 54?
29
What is the remainder when 68708 is divided by 1247?
123
Calculate the remainder when 6329 is divided by 248.
129
What is the remainder when 90157 is divided by 200?
157
Calculate the remainder when 114628 is divided by 28646.
44
Calculate the remainder when 432561 is divided by 13.
12
What is the remainder when 10074 is divided by 128?
90
Calculate the remainder when 39888 is divided by 9954.
72
Calculate the remainder when 61224 is divided by 11.
9
What is the remainder when 2321143 is divided by 458?
457
Calculate the remainder when 10186 is divided by 2541.
22
Calculate the remainder when 7272 is divided by 135.
117
Calculate the remainder when 2410829 is divided by 23.
15
What is the remainder when 4004134 is divided by 36?
34
Calculate the remainder when 30742 is divided by 366.
364
Calculate the remainder when 6680 is divided by 46.
10
What is the remainder when 8072 is divided by 202?
194
Calculate the remainder when 58 is divided by 11.
3
What is the remainder when 1131 is divided by 127?
115
Calculate the remainder when 1013 is divided by 962.
51
What is the remainder when 33621 is divided by 33449?
172
Calculate the remainder when 18660 is divided by 12.
0
What is the remainder when 175223 is divided by 447?
446
Calculate the remainder when 2476 is divided by 695.
391
Calculate the remainder when 13517 is divided by 6743.
31
Calculate the remainder when 86656 is divided by 110.
86
What is the remainder when 6868 is divided by 850?
68
What is the remainder when 8199 is divided by 1956?
375
Calculate the remainder when 694027 is divided by 7.
5
What is the remainder when 15973 is divided by 51?
10
What is the remainder when 2855 is divided by 838?
341
Calculate the remainder when 776828 is divided by 17.
13
Calculate the remainder when 133025 is divided by 31.
4
What is the remainder when 969 is divided by 17?
0
Calculate the remainder when 5338 is divided by 1345.
1303
Calculate the remainder when 2075 is divided by 361.
270
What is the remainder when 512143 is divided by 57?
55
What is the remainder when 1210 is divided by 617?
593
Calculate the remainder when 97750 is divided by 16290.
10
Calculate the remainder when 10626 is divided by 1.
0
What is the remainder when 2540 is divided by 235?
190
What is the remainder when 23810 is divided by 4762?
0
What is the remainder when 159047 is divided by 159035?
12
Calculate the remainder when 5864 is divided by 1209.
1028
Calculate the remainder when 74743 is divided by 374.
317
What is the remainder when 1898 is divided by 1885?
13
What is the remainder when 41790 is divided by 27?
21
Calculate the remainder when 18487 is divided by 9195.
97
What is the remainder when 384 is divided by 285?
99
Calculate the remainder when 3918 is divided by 354.
24
What is the remainder when 8866 is divided by 102?
94
What is the remainder when 33462 is divided by 41?
6
What is the remainder when 1160 is divided by 283?
28
Calculate the remainder when 5062 is divided by 642.
568
What is the remainder when 8499 is divided by 499?
16
What is the remainder when 1175 is divided by 915?
260
What is the remainder when 69882 is divided by 318?
240
Calculate the remainder when 400604 is divided by 144.
140
What is the remainder when 139538 is divided by 47?
42
What is the remainder when 31086 is divided by 255?
231
Calculate the remainder when 21439 is divided by 7140.
19
Calculate the remainder when 15982 is divided by 127.
107
Calculate the remainder when 103040 is divided by 78.
2
Calculate the remainder when 50217 is divided by 162.
159
Calculate the remainder when 1576087 is divided by 333.
331
What is the remainder when 62784 is divided by 1792?
64
What is the remainder when 86811 is divided by 26?
23
Calculate the remainder when 676 is divided by 155.
56
Calculate the remainder when 116857 is divided by 17.
16
Calculate the remainder when 1403 is divided by 696.
11
What is the remainder when 169590 is divided by 181?
174
What is the remainder when 616 is divided by 381?
235
What is the remainder when 545191 is divided by 184?
183
What is the remainder when 9576 is divided by 1908?
36
What is the remainder when 5719 is divided by 572?
571
Calculate the remainder when 178335 is divided by 127.
27
What is the remainder when 13252 is divided by 27?
22
What is the remainder when 12697 is divided by 27?
7
What is the remainder when 40461 is divided by 40411?
50
Calculate the remainder when 1937 is divided by 483.
5
Calculate the remainder when 104100 is divided by 1794.
48
What is the remainder when 14077 is divided by 28?
21
Calculate the remainder when 26171 is divided by 689.
678
What is the remainder when 1903 is divided by 22?
11
What is the remainder when 564168 is divided by 267?
264
What is the remainder when 3444 is divided by 173?
157
What is the remainder when 16706 is divided by 398?
388
What is the remainder when 5425 is divided by 29?
2
Calculate the remainder when 3258847 is divided by 350.
347
What is the remainder when 3760378 is divided by 468?
466
Calculate the remainder when 647344 is divided by 758.
12
Calculate the remainder when 5302 is divided by 98.
10
Calculate the remainder when 6536 is divided by 6523.
13
Calculate the remainder when 818 is divided by 93.
74
Calculate the remainder when 690 is divided by 344.
2
What is the remainder when 1376629 is divided by 68831?
9
What is the remainder when 349 is divided by 321?
28
Calculate the remainder when 979304 is divided by 12.
8
What is the remainder when 9927 is divided by 21?
15
What is the remainder when 1002829 is divided by 685?
674
Calculate the remainder when 10177 is divided by 3385.
22
What is the remainder when 9740656 is divided by 159?
157
What is the remainder when 116003 is divided by 4?
3
What is the remainder when 242247 is divided by 107?
106
What is the remainder when 16609 is divided by 369?
4
What is the remainder when 13362 is divided by 3335?
22
Calculate the remainder when 149495 is divided by 127.
16
Calculate the remainder when 72491 is divided by 1449.
41
What is the remainder when 50594 is divided by 5621?
5
What is the remainder when 12565 is divided by 381?
373
What is the remainder when 1227 is divided by 1039?
188
What is the remainder when 335528 is divided by 246?
230
Calculate the remainder when 1937 is divided by 84.
5
What is the remainder when 5296 is divided by 5192?
104
What is the remainder when 4014 is divided by 52?
10
Calculate the remainder when 3423 is divided by 1101.
120
Calculate the remainder when 4687 is divided by 66.
1
What is the remainder when 6809 is divided by 63?
5
What is the remainder when 35007 is divided by 90?
87
Calculate the remainder when 5324 is divided by 203.
46
What is the remainder when 142843 is divided by 302?
299
What is the remainder when 8674 is divided by 1734?
4
What is the remainder when 2013 is divided by 148?
89
Calculate the remainder when 99916 is divided by 8.
4
What is the remainder when 13043 is divided by 237?
8
What is the remainder when 200128 is divided by 21?
19
What is the remainder when 50096 is divided by 1049?
793
Calculate the remainder when 6242 is divided by 912.
770
Calculate the remainder when 1729869 is divided by 36.
33
Calculate the remainder when 30038 is divided by 96.
86
Calculate the remainder when 7274 is divided by 57.
35
Calculate the remainder when 50890 is divided by 62.
50
Calculate the remainder when 53816 is divided by 18.
14
Calculate the remainder when 278168 is divided by 1405.
1383
What is the remainder when 153304 is divided by 13?
8
Calculate the remainder when 710 is divided by 423.
287
What is the remainder when 224213 is divided by 1199?
0
Calculate the remainder when 8464 is divided by 765.
49
Calculate the remainder when 53205 is divided by 26431.
343
Calculate the remainder when 3279 is divided by 251.
16
Calculate the remainder when 64309 is divided by 1128.
13
Calculate the remainder when 41182 is divided by 99.
97
What is the remainder when 917 is divided by 90?
17
Calculate the remainder when 1136886 is divided by 39.
36
What is the remainder when 7048 is divided by 10